 7269527 a prime number?
True
Is 29543831 a prime number?
False
Is 49562977 composite?
True
Is 9950807 a prime number?
False
Is 13119641 a prime number?
True
Is 10624489 prime?
False
Is 1714873 composite?
True
Is 21950373 a prime number?
False
Is 88908565 a composite number?
True
Is 1038767 a prime number?
False
Is 30875359 a prime number?
True
Is 183611531 a prime number?
True
Is 525423823 composite?
True
Is 21038321 a composite number?
False
Is 89070873 a composite number?
True
Is 30768007 composite?
True
Is 640151 prime?
True
Is 49145779 composite?
True
Is 309157 composite?
False
Is 532182689 a composite number?
True
Is 10437827 prime?
True
Is 8953423 a composite number?
False
Is 5925419 a composite number?
False
Is 138626863 prime?
False
Is 123973711 composite?
False
Is 20295271 a composite number?
False
Is 2839429 prime?
True
Is 29236367 a prime number?
True
Is 399242 a composite number?
True
Is 98444891 prime?
False
Is 107891209 a prime number?
True
Is 17465189 prime?
False
Is 45867551 a composite number?
False
Is 12563527 composite?
True
Is 470021 prime?
True
Is 14693171 a prime number?
False
Is 281617073 a composite number?
False
Is 15211249 prime?
False
Is 301805695 prime?
False
Is 124217959 a composite number?
False
Is 1351267 a prime number?
True
Is 191876551 composite?
False
Is 48800203 composite?
True
Is 41541181 a composite number?
True
Is 3920522 a prime number?
False
Is 289359821 prime?
True
Is 1014186473 prime?
False
Is 69087793 composite?
False
Is 120641 prime?
True
Is 28979719 prime?
True
Is 6355571 prime?
False
Is 50241935 composite?
True
Is 12064879 composite?
False
Is 4039367 composite?
False
Is 219925843 a prime number?
True
Is 3184091 a prime number?
True
Is 11300771 a prime number?
False
Is 1330761 prime?
False
Is 8856689 prime?
True
Is 7111199 a prime number?
True
Is 93061 a prime number?
False
Is 2022659 a composite number?
False
Is 6046 a composite number?
True
Is 1103849 a composite number?
False
Is 34293313 a prime number?
True
Is 9103963 composite?
True
Is 359132269 a composite number?
False
Is 105249769 a composite number?
True
Is 644417 prime?
False
Is 30452309 a composite number?
False
Is 7993037 a composite number?
True
Is 274501 prime?
False
Is 22377731 composite?
False
Is 1491571 a prime number?
True
Is 145158667 a prime number?
True
Is 6326513 a prime number?
True
Is 152404741 composite?
True
Is 1478227 prime?
False
Is 44769451 a composite number?
False
Is 9379661 a prime number?
True
Is 25718903 a prime number?
False
Is 75130813 composite?
False
Is 11362147 a prime number?
False
Is 149551939 prime?
False
Is 50549649 a prime number?
False
Is 53094673 a prime number?
True
Is 22826173 a prime number?
False
Is 6120103 prime?
False
Is 275743 prime?
False
Is 858004243 a prime number?
True
Is 15522739 a prime number?
True
Is 432591179 a composite number?
False
Is 1681387 a composite number?
True
Is 18574247 prime?
True
Is 475265291 a prime number?
True
Is 8533979 prime?
True
Is 216494641 a prime number?
False
Is 39479807 a prime number?
True
Is 6948569 prime?
True
Is 298745891 prime?
True
Is 91294481 prime?
False
Is 6341047 prime?
False
Is 2543809 a prime number?
True
Is 83740543 prime?
False
Is 16089023 composite?
False
Is 105169 prime?
False
Is 33157559 a composite number?
True
Is 8455297 a composite number?
False
Is 26144707 a prime number?
True
Is 1899263 a composite number?
False
Is 17168313 a prime number?
False
Is 55997023 composite?
False
Is 610273 composite?
True
Is 9584521 composite?
False
Is 271885 prime?
False
Is 597877 composite?
True
Is 9169907 a composite number?
True
Is 34348289 a composite number?
False
Is 26482231 prime?
True
Is 97493387 a composite number?
False
Is 113910359 composite?
True
Is 7110973 composite?
True
Is 4888735 a composite number?
True
Is 49552927 a composite number?
False
Is 16803139 a composite number?
True
Is 59833417 composite?
True
Is 6626995 a prime number?
False
Is 5393033 a prime number?
True
Is 1482800963 a prime number?
False
Is 39244493 a composite number?
False
Is 7818061 a prime number?
False
Is 1023745 a prime number?
False
Is 45151793 a prime number?
False
Is 1594780123 a composite number?
True
Is 61011931 a composite number?
False
Is 33182869 a prime number?
False
Is 54157799 a prime number?
True
Is 3776309 composite?
True
Is 35218489 a composite number?
False
Is 405712391 composite?
True
Is 1842586 a composite number?
True
Is 5429321 prime?
True
Is 542413 a prime number?
False
Is 2632891 composite?
True
Is 120366643 a prime number?
False
Is 125665117 composite?
True
Is 145817041 prime?
False
Is 380441 a prime number?
True
Is 41717393 composite?
True
Is 147985557 prime?
False
Is 19285583 a composite number?
False
Is 4855547 a prime number?
False
Is 2974351 prime?
True
Is 2167830235 prime?
False
Is 130606613 prime?
True
Is 42898183 prime?
False
Is 109780813 prime?
False
Is 2830253 a prime number?
False
Is 15184427 a composite number?
False
Is 42564587 prime?
False
Is 5691383 a composite number?
True
Is 5672809 composite?
False
Is 3222889 a composite number?
True
Is 12943699 composite?
True
Is 8675371 a prime number?
True
Is 180120169 composite?
False
Is 143045341 a composite number?
True
Is 392957 a prime number?
True
Is 2991847 composite?
True
Is 28972649 prime?
True
Is 20232997 a composite number?
True
Is 17609521 a prime number?
False
Is 33812809 a prime number?
True
Is 9537239 composite?
False
Is 369647 prime?
True
Is 136434489 a composite number?
True
Is 1183901 a composite number?
True
Is 209553121 a composite number?
True
Is 1715591 a composite number?
True
Is 5703463 composite?
False
Is 7476263 a prime number?
True
Is 116726021 a prime number?
False
Is 12833437 prime?
False
Is 72038789 prime?
True
Is 2371193 a prime number?
False
Is 47170603 prime?
True
Is 8156231 composite?
False
Is 40926409 a composite number?
True
Is 792283943 a prime number?
False
Is 1812301 a prime number?
True
Is 11387237 composite?
False
Is 368831 a prime number?
False
Is 318405953 prime?
True
Is 108574511 a composite number?
False
Is 143339 a composite number?
True
Is 236383607 a composite number?
False
Is 3380279 a composite number?
True
Is 86615753 composite?
True
Is 315915209 a composite number?
True
Is 61040741 a composite number?
True
Is 1533197 a prime number?
True
Is 2285323 composite?
False
Is 388906183 composite?
False
Is 2081237 prime?
True
Is 4622749 prime?
False
Is 110315141 a prime number?
False
Is 236585227 composite?
True
Is 11833019 composite?
True
Is 25099759 a composite number?
False
Is 52830079 a composite number?
False
Is 217357603 composite?
False
Is 6034687 a prime number?
True
Is 3896743 prime?
True
Is 150949 prime?
False
Is 61659779 a prime number?
False
Is 7512213 prime?
False
Is 14871217 composite?
True
Is 65175661 composite?
False
Is 2964811 a composite number?
False
Is 17324971 a composite number?
False
Is 39709633 a prime number?
True
Is 6722263 a prime number?
True
Is 17770811 a composite number?
True
Is 165797017 a prime number?
True
Is 311047 prime?
False
Is 1315835 composite?
True
Is 2998306 composite?
True
Is 951997 composite?
False
Is 90762181 prime?
False
Is 51752759 a prime number?
True
Is 73985531 a composite number?
False
Is 17345959 a composite number?
True
Is 100346483 a composite number?
True
Is 10165271 a composite number?
False
Is 12526741 composite?
False
Is 5487646 a prime number?
False
Is 3538003 a composite number?
True
Is 807522581 a composite number?
False
Is 7296239 a composite number?
False
Is 20496163 prime?
False
Is 12430267 composite?
False
Is 911393 a composite number?
True
Is 676337 a composite number?
False
Is 6079351 composite?
False
Is 357673 prime?
False
Is 2302367 composite?
False
Is 3091367 a composite number?
False
Is 143047 prime?
False
Is 17600503 prime?
True
Is 9600977 composite?
False
Is 48731 prime?
True
Is 20404547 prime?
True
Is 462264709 a prime number?
False
Is 43175309 prime?
False
Is 15460067 prime?
False
Is 22489409 prime?
True
Is 2316029 a composite number?
True
Is 81845113 a prime number?
False
Is 677309 a prime number?
True
Is 65138603 a composite number?
False
Is 2693699 prime?
False
Is 3120527 prime?
True
Is 50252645 composite?
True
Is 17185583 a prime number?
True
Is 17072683 a composite number